{"id":3,"date":"2019-09-18T09:16:10","date_gmt":"2019-09-18T09:16:10","guid":{"rendered":"http:\/\/trawipol-az.com.pl\/?page_id=3"},"modified":"2019-09-18T15:07:42","modified_gmt":"2019-09-18T13:07:42","slug":"polityka-prywatnosci","status":"publish","type":"page","link":"http:\/\/trawipol-az.pl\/index.php\/polityka-prywatnosci\/","title":{"rendered":"Polityka prywatno\u015bci"},"content":{"rendered":"\n<p><strong>Polityka prywatno\u015bci.<\/strong><\/p>\n\n\n\n<ol class=\"wp-block-list\"><li>Dane osobowe klient\u00f3w Trawipol-AZ Sp z o.o. b\u0119d\u0105 przetwarzane przez  Trawipol-AZ Sp z o.o  zgodnie z ustaw\u0105 z dnia 29 sierpnia 1997 r. o ochronie danych osobowych (Dz. U. z 2016 r., poz.922) oraz z ustaw\u0105 z dnia 18 lipca 2002 r. o \u015bwiadczeniu us\u0142ug drog\u0105 elektroniczn\u0105 (Dz.U. z 2017 r., poz. 1219 ze zm.), a tak\u017ce z rozporz\u0105dzeniem Parlamentu Europejskiego i Rady (UE) 2016\/679 z dnia 27 kwietnia 2016 r. w sprawie ochrony os\u00f3b fizycznych w zwi\u0105zku z przetwarzaniem danych osobowych i w sprawie swobodnego przep\u0142ywu takich danych oraz uchylenia dyrektywy 95\/46\/WE (og\u00f3lne rozporz\u0105dzanie o ochronie danych) (Dz.Urz.UE.L. Nr 119, str. 1) \u2013 zwane dalej RODO (stosowane wraz z nowymi przepisami krajowymi od 25.05.2018 r.).<\/li><li>Administratorem danych osobowych klient\u00f3w jest  Trawipol-AZ Sp z o.o.  z siedzib\u0105 przy ul. Mickiewicza 64, 41-807 Zabrze, NIP: 6312609292, REGON: 241557701, zwany w dalszej cz\u0119\u015bci Polityki Prywatno\u015bci jako Trawipol-AZ Sp z o.o..<\/li><li>U\u017cytkownikiem Trawipol-AZ Sp z o.o. jest ka\u017cda osoba, klient, kt\u00f3ry zdecydowa\u0142 si\u0119 na zakup us\u0142ugi \u015bwiadczonej przez Trawipol-AZ Sp z o.o..<\/li><li>Celem przetwarzania i wykorzystania danych przez Trawipol-AZ Sp z o.o. jest: <ol><li>umo\u017cliwienie U\u017cytkownikowi korzystania z us\u0142ug i ich realizacji przez Trawipol-AZ Sp z o.o., zgodnie z art. 6 ust. 1 lit. b) RODO, w tym obs\u0142uga zg\u0142osze\u0144 mailowych, przez panel klienta oraz analiza statystyczna prowadzona przez Trawipol-AZ Sp z o.o. <\/li><\/ol><\/li><li>Trawipol-AZ Sp z o.o. ma prawo do przekazywania danych swoich U\u017cytkownik\u00f3w w sytuacjach, kiedy b\u0119dzie to niezb\u0119dne do wykonania umowy zawartej z U\u017cytkownikiem oraz realizacji zobowi\u0105za\u0144 ci\u0105\u017c\u0105cych na Trawipol-AZ Sp z o.o.. Trawipol-AZ Sp z o.o. b\u0119dzie w takiej sytuacji przekazywa\u0107 dane osobowe: <ol><li>osobom upowa\u017cnionym przez Trawipol-AZ Sp z o.o. do obs\u0142ugi U\u017cytkownika i realizacji dla niego us\u0142ug;<\/li><li>partnerom Trawipol-AZ Sp z o.o., z kt\u00f3rymi Trawipol-AZ Sp z o.o. realizuje us\u0142ugi dla U\u017cytkownika, np. wsp\u00f3\u0142pracownikom, rejestratorom domen, wystawcom certyfikat\u00f3w, itp.;<\/li><li>organom publicznym, kt\u00f3re na mocy prawa mog\u0105 \u017c\u0105da\u0107 od Trawipol-AZ Sp z o.o. wydania danych osobowych U\u017cytkownika;<\/li><li>bankom i jednostkom realizuj\u0105cym p\u0142atno\u015bci dla Trawipol-AZ Sp z o.o.. <\/li><\/ol><\/li><li>Dane U\u017cytkownik\u00f3w b\u0119d\u0105 przechowywane przez Trawipol-AZ Sp z o.o. przez ca\u0142y okres trwania umowy z Trawipol-AZ Sp z o.o. i okres \u015bwiadczenia przez Trawipol-AZ Sp z o.o. us\u0142ugi na rzecz U\u017cytkownika Trawipol-AZ Sp z o.o..<br> Ponadto dane U\u017cytkownika b\u0119d\u0105 przechowywane przez Trawipol-AZ Sp z o.o. ze wzgl\u0119du na obowi\u0105zki ksi\u0119gowe i podatkowe przez czas ich trwania, oraz ze wzgl\u0119d\u00f3w bezpiecze\u0144stwa prawnego, do momentu przedawnienia ewentualnych roszcze\u0144.<\/li><li> Trawipol-AZ Sp z o.o. stosuje odpowiednie \u015brodki techniczne i organizacyjne, kt\u00f3re zapewniaj\u0105 ochron\u0119 przetwarzanych danych oraz sprawuje sta\u0142\u0105 kontrol\u0119 nad procesami przetwarzania danych w celu ich ochrony. Przechowywanie ma miejsce na zabezpieczonych serwerach zgodnie z wdro\u017con\u0105 Polityk\u0105 Prywatno\u015bci w zakresie i celu niezb\u0119dnym do nawi\u0105zania, ukszta\u0142towania tre\u015bci Umowy, zmiany b\u0105d\u017a jej rozwi\u0105zania oraz prawid\u0142owej realizacji Us\u0142ug \u015bwiadczonych drog\u0105 elektroniczn\u0105.<\/li><li>Prawa U\u017cytkownika Trawipol-AZ Sp z o.o.: <ol><li>uzyskanie informacji, w jakim zakresie i w jaki spos\u00f3b Trawipol-AZ Sp z o.o. przetwarza dane U\u017cytkownika,<\/li><li>uzyskanie przez U\u017cytkownika od Trawipol-AZ Sp z o.o. kopii jego danych osobowych,<\/li><li>edycja, kontrola i uzupe\u0142nianie danych oraz ich usuni\u0119cie (je\u017celi nie ma podstaw prawnych do tego dzia\u0142ania),<br>wycofanie zgody na przetwarzanie danych U\u017cytkownika w ka\u017cdym momencie,<\/li><li>w przypadku stwierdzenia przez U\u017cytkownika, \u017ce przetwarzane przez Trawipol-AZ Sp z o.o. dane naruszaj\u0105 jego prawa, <\/li><li>U\u017cytkownik ma mo\u017cliwo\u015b\u0107 skontaktowania si\u0119 z Trawipol-AZ Sp z o.o. w celu wyja\u015bnienia,<\/li><li>U\u017cytkownikowi przys\u0142uguje tak\u017ce prawo do wniesienia skargi do organu nadzorczego \u2013 PUODO z siedzib\u0105 w Warszawie przy ul. Stawki 2, gdy uzna, i\u017c przetwarzanie przez Trawipol-AZ Sp z o.o. danych osobowych narusza przepis o ochronie danych osobowych.  <\/li><\/ol><\/li><\/ol>\n\n\n\n<p><\/p>\n","protected":false},"excerpt":{"rendered":"<p>Polityka prywatno\u015bci. Dane osobowe klient\u00f3w Trawipol-AZ Sp z o.o. b\u0119d\u0105 przetwarzane przez Trawipol-AZ Sp z o.o zgodnie z ustaw\u0105 z dnia 29 sierpnia 1997 r. o ochronie danych osobowych (Dz. U. z 2016 r., poz.922) oraz z ustaw\u0105 z dnia 18 lipca 2002 r. o \u015bwiadczeniu us\u0142ug drog\u0105 elektroniczn\u0105 (Dz.U. z 2017 r., poz. 1219 [&hellip;]<\/p>\n","protected":false},"author":1,"featured_media":0,"parent":0,"menu_order":0,"comment_status":"closed","ping_status":"open","template":"","meta":{"footnotes":""},"class_list":["post-3","page","type-page","status-publish","hentry"],"_links":{"self":[{"href":"http:\/\/trawipol-az.pl\/index.php\/wp-json\/wp\/v2\/pages\/3"}],"collection":[{"href":"http:\/\/trawipol-az.pl\/index.php\/wp-json\/wp\/v2\/pages"}],"about":[{"href":"http:\/\/trawipol-az.pl\/index.php\/wp-json\/wp\/v2\/types\/page"}],"author":[{"embeddable":true,"href":"http:\/\/trawipol-az.pl\/index.php\/wp-json\/wp\/v2\/users\/1"}],"replies":[{"embeddable":true,"href":"http:\/\/trawipol-az.pl\/index.php\/wp-json\/wp\/v2\/comments?post=3"}],"version-history":[{"count":1,"href":"http:\/\/trawipol-az.pl\/index.php\/wp-json\/wp\/v2\/pages\/3\/revisions"}],"predecessor-version":[{"id":90,"href":"http:\/\/trawipol-az.pl\/index.php\/wp-json\/wp\/v2\/pages\/3\/revisions\/90"}],"wp:attachment":[{"href":"http:\/\/trawipol-az.pl\/index.php\/wp-json\/wp\/v2\/media?parent=3"}],"curies":[{"name":"wp","href":"https:\/\/api.w.org\/{rel}","templated":true}]}}